{"id":21699,"date":"2020-10-11T14:36:19","date_gmt":"2020-10-11T12:36:19","guid":{"rendered":"http:\/\/www.aviationmuseum.eu\/Blogvorm\/wp-content\/uploads\/2020\/10\/Leteck\u00e9-muzeum-Ing.-Jana-Ka\u0161para.png"},"modified":"2020-10-11T14:36:30","modified_gmt":"2020-10-11T12:36:30","slug":"letecke-muzeum-ing-jana-kaspara","status":"inherit","type":"attachment","link":"https:\/\/aviationmuseum.eu\/Blogvorm\/regionalni-letecke-muzeum-pardubice\/letecke-muzeum-ing-jana-kaspara\/","title":{"rendered":"Leteck\u00e9 muzeum Ing. Jana Ka\u0161para"},"author":2,"featured_media":0,"comment_status":"open","ping_status":"closed","template":"","meta":[],"class_list":["post-21699","attachment","type-attachment","status-inherit","hentry"],"description":{"rendered":"<p class=\"attachment\"><a href='https:\/\/aviationmuseum.eu\/Blogvorm\/wp-content\/uploads\/2020\/10\/Leteck\u00e9-muzeum-Ing.-Jana-Ka\u0161para.png'><img loading=\"lazy\" decoding=\"async\" width=\"420\" height=\"251\" src=\"https:\/\/aviationmuseum.eu\/Blogvorm\/wp-content\/uploads\/2020\/10\/Leteck\u00e9-muzeum-Ing.-Jana-Ka\u0161para-420x251.png\" class=\"attachment-medium size-medium\" alt=\"Leteck\u00e9 muzeum Ing. Jana Ka\u0161para\" srcset=\"https:\/\/aviationmuseum.eu\/Blogvorm\/wp-content\/uploads\/2020\/10\/Leteck\u00e9-muzeum-Ing.-Jana-Ka\u0161para-420x251.png 420w, https:\/\/aviationmuseum.eu\/Blogvorm\/wp-content\/uploads\/2020\/10\/Leteck\u00e9-muzeum-Ing.-Jana-Ka\u0161para-240x143.png 240w, https:\/\/aviationmuseum.eu\/Blogvorm\/wp-content\/uploads\/2020\/10\/Leteck\u00e9-muzeum-Ing.-Jana-Ka\u0161para-728x435.png 728w, https:\/\/aviationmuseum.eu\/Blogvorm\/wp-content\/uploads\/2020\/10\/Leteck\u00e9-muzeum-Ing.-Jana-Ka\u0161para-600x359.png 600w, https:\/\/aviationmuseum.eu\/Blogvorm\/wp-content\/uploads\/2020\/10\/Leteck\u00e9-muzeum-Ing.-Jana-Ka\u0161para.png 840w\" sizes=\"auto, (max-width: 420px) 100vw, 420px\" \/><\/a><\/p>\n"},"caption":{"rendered":""},"alt_text":"Leteck\u00e9 muzeum Ing. Jana Ka\u0161para","media_type":"image","mime_type":"image\/png","media_details":{"width":840,"height":502,"file":"2020\/10\/Leteck\u00e9-muzeum-Ing.-Jana-Ka\u0161para.png","sizes":{"thumbnail":{"file":"Leteck\u00e9-muzeum-Ing.-Jana-Ka\u0161para-240x143.png","width":240,"height":143,"mime_type":"image\/png","source_url":"https:\/\/aviationmuseum.eu\/Blogvorm\/wp-content\/uploads\/2020\/10\/Leteck\u00e9-muzeum-Ing.-Jana-Ka\u0161para-240x143.png"},"medium":{"file":"Leteck\u00e9-muzeum-Ing.-Jana-Ka\u0161para-420x251.png","width":420,"height":251,"mime_type":"image\/png","source_url":"https:\/\/aviationmuseum.eu\/Blogvorm\/wp-content\/uploads\/2020\/10\/Leteck\u00e9-muzeum-Ing.-Jana-Ka\u0161para-420x251.png"},"large":{"file":"Leteck\u00e9-muzeum-Ing.-Jana-Ka\u0161para-728x435.png","width":728,"height":435,"mime_type":"image\/png","source_url":"https:\/\/aviationmuseum.eu\/Blogvorm\/wp-content\/uploads\/2020\/10\/Leteck\u00e9-muzeum-Ing.-Jana-Ka\u0161para-728x435.png"},"wysija-newsletters-max":{"file":"Leteck\u00e9-muzeum-Ing.-Jana-Ka\u0161para-600x359.png","width":600,"height":359,"mime_type":"image\/png","source_url":"https:\/\/aviationmuseum.eu\/Blogvorm\/wp-content\/uploads\/2020\/10\/Leteck\u00e9-muzeum-Ing.-Jana-Ka\u0161para-600x359.png"},"content-single":{"file":"Leteck\u00e9-muzeum-Ing.-Jana-Ka\u0161para-777x437.png","width":777,"height":437,"mime_type":"image\/png","source_url":"https:\/\/aviationmuseum.eu\/Blogvorm\/wp-content\/uploads\/2020\/10\/Leteck\u00e9-muzeum-Ing.-Jana-Ka\u0161para-777x437.png"},"content-grid":{"file":"Leteck\u00e9-muzeum-Ing.-Jana-Ka\u0161para-180x101.png","width":180,"height":101,"mime_type":"image\/png","source_url":"https:\/\/aviationmuseum.eu\/Blogvorm\/wp-content\/uploads\/2020\/10\/Leteck\u00e9-muzeum-Ing.-Jana-Ka\u0161para-180x101.png"},"content-list":{"file":"Leteck\u00e9-muzeum-Ing.-Jana-Ka\u0161para-260x146.png","width":260,"height":146,"mime_type":"image\/png","source_url":"https:\/\/aviationmuseum.eu\/Blogvorm\/wp-content\/uploads\/2020\/10\/Leteck\u00e9-muzeum-Ing.-Jana-Ka\u0161para-260x146.png"},"cp-thumb-xl":{"file":"Leteck\u00e9-muzeum-Ing.-Jana-Ka\u0161para-373x210.png","width":373,"height":210,"mime_type":"image\/png","source_url":"https:\/\/aviationmuseum.eu\/Blogvorm\/wp-content\/uploads\/2020\/10\/Leteck\u00e9-muzeum-Ing.-Jana-Ka\u0161para-373x210.png"},"cp-thumb-small":{"file":"Leteck\u00e9-muzeum-Ing.-Jana-Ka\u0161para-120x67.png","width":120,"height":67,"mime_type":"image\/png","source_url":"https:\/\/aviationmuseum.eu\/Blogvorm\/wp-content\/uploads\/2020\/10\/Leteck\u00e9-muzeum-Ing.-Jana-Ka\u0161para-120x67.png"},"full":{"file":"Leteck\u00e9-muzeum-Ing.-Jana-Ka\u0161para.png","width":840,"height":502,"mime_type":"image\/png","source_url":"https:\/\/aviationmuseum.eu\/Blogvorm\/wp-content\/uploads\/2020\/10\/Leteck\u00e9-muzeum-Ing.-Jana-Ka\u0161para.png"}},"image_meta":{"aperture":"0","credit":"","camera":"","caption":"","created_timestamp":"0","copyright":"","focal_length":"0","iso":"0","shutter_speed":"0","title":"","orientation":"0","keywords":[]}},"post":1315,"source_url":"https:\/\/aviationmuseum.eu\/Blogvorm\/wp-content\/uploads\/2020\/10\/Leteck\u00e9-muzeum-Ing.-Jana-Ka\u0161para.png","_links":{"self":[{"href":"https:\/\/aviationmuseum.eu\/Blogvorm\/wp-json\/wp\/v2\/media\/21699","targetHints":{"allow":["GET"]}}],"collection":[{"href":"https:\/\/aviationmuseum.eu\/Blogvorm\/wp-json\/wp\/v2\/media"}],"about":[{"href":"https:\/\/aviationmuseum.eu\/Blogvorm\/wp-json\/wp\/v2\/types\/attachment"}],"author":[{"embeddable":true,"href":"https:\/\/aviationmuseum.eu\/Blogvorm\/wp-json\/wp\/v2\/users\/2"}],"replies":[{"embeddable":true,"href":"https:\/\/aviationmuseum.eu\/Blogvorm\/wp-json\/wp\/v2\/comments?post=21699"}]}}

http://www.aviationmuseum.eu/Blogvorm/wp-content/uploads/2020/10/Letecké-muzeum-Ing.-Jana-Kašpara.png

Letecké muzeum Ing. Jana Kašpara

<p class="attachment"><a href='https://aviationmuseum.eu/Blogvorm/wp-content/uploads/2020/10/Letecké-muzeum-Ing.-Jana-Kašpara.png'><img loading="lazy" decoding="async" width="420" height="251" src="https://aviationmuseum.eu/Blogvorm/wp-content/uploads/2020/10/Letecké-muzeum-Ing.-Jana-Kašpara-420x251.png" class="attachment-medium size-medium" alt="Letecké muzeum Ing. Jana Kašpara" srcset="https://aviationmuseum.eu/Blogvorm/wp-content/uploads/2020/10/Letecké-muzeum-Ing.-Jana-Kašpara-420x251.png 420w, https://aviationmuseum.eu/Blogvorm/wp-content/uploads/2020/10/Letecké-muzeum-Ing.-Jana-Kašpara-240x143.png 240w, https://aviationmuseum.eu/Blogvorm/wp-content/uploads/2020/10/Letecké-muzeum-Ing.-Jana-Kašpara-728x435.png 728w, https://aviationmuseum.eu/Blogvorm/wp-content/uploads/2020/10/Letecké-muzeum-Ing.-Jana-Kašpara-600x359.png 600w, https://aviationmuseum.eu/Blogvorm/wp-content/uploads/2020/10/Letecké-muzeum-Ing.-Jana-Kašpara.png 840w" sizes="auto, (max-width: 420px) 100vw, 420px" /></a></p>

2020/10/Letecké-muzeum-Ing.-Jana-Kašpara.png

Letecké-muzeum-Ing.-Jana-Kašpara-240x143.png

https://aviationmuseum.eu/Blogvorm/wp-content/uploads/2020/10/Letecké-muzeum-Ing.-Jana-Kašpara-240x143.png

Letecké-muzeum-Ing.-Jana-Kašpara-420x251.png

https://aviationmuseum.eu/Blogvorm/wp-content/uploads/2020/10/Letecké-muzeum-Ing.-Jana-Kašpara-420x251.png

Letecké-muzeum-Ing.-Jana-Kašpara-728x435.png

https://aviationmuseum.eu/Blogvorm/wp-content/uploads/2020/10/Letecké-muzeum-Ing.-Jana-Kašpara-728x435.png

Letecké-muzeum-Ing.-Jana-Kašpara-600x359.png

https://aviationmuseum.eu/Blogvorm/wp-content/uploads/2020/10/Letecké-muzeum-Ing.-Jana-Kašpara-600x359.png

Letecké-muzeum-Ing.-Jana-Kašpara-777x437.png

https://aviationmuseum.eu/Blogvorm/wp-content/uploads/2020/10/Letecké-muzeum-Ing.-Jana-Kašpara-777x437.png

Letecké-muzeum-Ing.-Jana-Kašpara-180x101.png

https://aviationmuseum.eu/Blogvorm/wp-content/uploads/2020/10/Letecké-muzeum-Ing.-Jana-Kašpara-180x101.png

Letecké-muzeum-Ing.-Jana-Kašpara-260x146.png

https://aviationmuseum.eu/Blogvorm/wp-content/uploads/2020/10/Letecké-muzeum-Ing.-Jana-Kašpara-260x146.png

Letecké-muzeum-Ing.-Jana-Kašpara-373x210.png

https://aviationmuseum.eu/Blogvorm/wp-content/uploads/2020/10/Letecké-muzeum-Ing.-Jana-Kašpara-373x210.png

Letecké-muzeum-Ing.-Jana-Kašpara-120x67.png

https://aviationmuseum.eu/Blogvorm/wp-content/uploads/2020/10/Letecké-muzeum-Ing.-Jana-Kašpara-120x67.png

Letecké-muzeum-Ing.-Jana-Kašpara.png

https://aviationmuseum.eu/Blogvorm/wp-content/uploads/2020/10/Letecké-muzeum-Ing.-Jana-Kašpara.png
