{"id":4333,"date":"2016-03-27T15:23:46","date_gmt":"2016-03-27T13:23:46","guid":{"rendered":"http:\/\/www.aviationmuseum.eu\/Blogvorm\/wp-content\/uploads\/2016\/03\/Canadair-CF-86B-Sabre-6-19454.jpg"},"modified":"2018-01-02T22:49:43","modified_gmt":"2018-01-02T20:49:43","slug":"canadair-cf-86b-sabre-6-19454","status":"inherit","type":"attachment","link":"https:\/\/aviationmuseum.eu\/Blogvorm\/musee-defence-aerrienne-bagotville\/canadair-cf-86b-sabre-6-19454\/","title":{"rendered":"Canadair CF-86B Sabre 6"},"author":2,"featured_media":0,"comment_status":"open","ping_status":"closed","template":"","meta":[],"class_list":["post-4333","attachment","type-attachment","status-inherit","hentry"],"description":{"rendered":"<p class=\"attachment\"><a href='https:\/\/aviationmuseum.eu\/Blogvorm\/wp-content\/uploads\/2016\/03\/Canadair-CF-86B-Sabre-6-19454.jpg'><img loading=\"lazy\" decoding=\"async\" width=\"420\" height=\"281\" src=\"https:\/\/aviationmuseum.eu\/Blogvorm\/wp-content\/uploads\/2016\/03\/Canadair-CF-86B-Sabre-6-19454-420x281.jpg\" class=\"attachment-medium size-medium\" alt=\"Canadair CF-86B Sabre 6 19454\/AO-454 Royal Canadian Air Force, Mus\u00e9e de la D\u00e9fence A\u00e9rrienne de Bagotville\" srcset=\"https:\/\/aviationmuseum.eu\/Blogvorm\/wp-content\/uploads\/2016\/03\/Canadair-CF-86B-Sabre-6-19454-420x281.jpg 420w, https:\/\/aviationmuseum.eu\/Blogvorm\/wp-content\/uploads\/2016\/03\/Canadair-CF-86B-Sabre-6-19454-240x161.jpg 240w, https:\/\/aviationmuseum.eu\/Blogvorm\/wp-content\/uploads\/2016\/03\/Canadair-CF-86B-Sabre-6-19454-728x488.jpg 728w, https:\/\/aviationmuseum.eu\/Blogvorm\/wp-content\/uploads\/2016\/03\/Canadair-CF-86B-Sabre-6-19454-600x402.jpg 600w, https:\/\/aviationmuseum.eu\/Blogvorm\/wp-content\/uploads\/2016\/03\/Canadair-CF-86B-Sabre-6-19454.jpg 800w\" sizes=\"auto, (max-width: 420px) 100vw, 420px\" \/><\/a><\/p>\n<p>Canadair CF-86B Sabre 6 19454\/AO-454 Royal Canadian Air Force | picture Rob Vogelaar<\/p>\n"},"caption":{"rendered":"<p>Canadair CF-86B Sabre 6 19454\/AO-454 Royal Canadian Air Force | picture Rob Vogelaar<\/p>\n"},"alt_text":"Canadair CF-86B Sabre 6 19454\/AO-454 Royal Canadian Air Force, Mus\u00e9e de la D\u00e9fence A\u00e9rrienne de Bagotville","media_type":"image","mime_type":"image\/jpeg","media_details":{"width":800,"height":536,"file":"2016\/03\/Canadair-CF-86B-Sabre-6-19454.jpg","sizes":{"thumbnail":{"file":"Canadair-CF-86B-Sabre-6-19454-240x161.jpg","width":240,"height":161,"mime_type":"image\/jpeg","source_url":"https:\/\/aviationmuseum.eu\/Blogvorm\/wp-content\/uploads\/2016\/03\/Canadair-CF-86B-Sabre-6-19454-240x161.jpg"},"medium":{"file":"Canadair-CF-86B-Sabre-6-19454-420x281.jpg","width":420,"height":281,"mime_type":"image\/jpeg","source_url":"https:\/\/aviationmuseum.eu\/Blogvorm\/wp-content\/uploads\/2016\/03\/Canadair-CF-86B-Sabre-6-19454-420x281.jpg"},"large":{"file":"Canadair-CF-86B-Sabre-6-19454-728x488.jpg","width":728,"height":488,"mime_type":"image\/jpeg","source_url":"https:\/\/aviationmuseum.eu\/Blogvorm\/wp-content\/uploads\/2016\/03\/Canadair-CF-86B-Sabre-6-19454-728x488.jpg"},"wysija-newsletters-max":{"file":"Canadair-CF-86B-Sabre-6-19454-600x402.jpg","width":600,"height":402,"mime_type":"image\/jpeg","source_url":"https:\/\/aviationmuseum.eu\/Blogvorm\/wp-content\/uploads\/2016\/03\/Canadair-CF-86B-Sabre-6-19454-600x402.jpg"},"full":{"file":"Canadair-CF-86B-Sabre-6-19454.jpg","width":800,"height":536,"mime_type":"image\/jpeg","source_url":"https:\/\/aviationmuseum.eu\/Blogvorm\/wp-content\/uploads\/2016\/03\/Canadair-CF-86B-Sabre-6-19454.jpg"}},"image_meta":{"aperture":"0","credit":"","camera":"","caption":"","created_timestamp":"0","copyright":"","focal_length":"0","iso":"0","shutter_speed":"0","title":"","orientation":"1","keywords":[]}},"post":4328,"source_url":"https:\/\/aviationmuseum.eu\/Blogvorm\/wp-content\/uploads\/2016\/03\/Canadair-CF-86B-Sabre-6-19454.jpg","_links":{"self":[{"href":"https:\/\/aviationmuseum.eu\/Blogvorm\/wp-json\/wp\/v2\/media\/4333","targetHints":{"allow":["GET"]}}],"collection":[{"href":"https:\/\/aviationmuseum.eu\/Blogvorm\/wp-json\/wp\/v2\/media"}],"about":[{"href":"https:\/\/aviationmuseum.eu\/Blogvorm\/wp-json\/wp\/v2\/types\/attachment"}],"author":[{"embeddable":true,"href":"https:\/\/aviationmuseum.eu\/Blogvorm\/wp-json\/wp\/v2\/users\/2"}],"replies":[{"embeddable":true,"href":"https:\/\/aviationmuseum.eu\/Blogvorm\/wp-json\/wp\/v2\/comments?post=4333"}]}}

<p class="attachment"><a href='https://aviationmuseum.eu/Blogvorm/wp-content/uploads/2016/03/Canadair-CF-86B-Sabre-6-19454.jpg'><img loading="lazy" decoding="async" width="420" height="281" src="https://aviationmuseum.eu/Blogvorm/wp-content/uploads/2016/03/Canadair-CF-86B-Sabre-6-19454-420x281.jpg" class="attachment-medium size-medium" alt="Canadair CF-86B Sabre 6 19454/AO-454 Royal Canadian Air Force, Musée de la Défence Aérrienne de Bagotville" srcset="https://aviationmuseum.eu/Blogvorm/wp-content/uploads/2016/03/Canadair-CF-86B-Sabre-6-19454-420x281.jpg 420w, https://aviationmuseum.eu/Blogvorm/wp-content/uploads/2016/03/Canadair-CF-86B-Sabre-6-19454-240x161.jpg 240w, https://aviationmuseum.eu/Blogvorm/wp-content/uploads/2016/03/Canadair-CF-86B-Sabre-6-19454-728x488.jpg 728w, https://aviationmuseum.eu/Blogvorm/wp-content/uploads/2016/03/Canadair-CF-86B-Sabre-6-19454-600x402.jpg 600w, https://aviationmuseum.eu/Blogvorm/wp-content/uploads/2016/03/Canadair-CF-86B-Sabre-6-19454.jpg 800w" sizes="auto, (max-width: 420px) 100vw, 420px" /></a></p>
<p>Canadair CF-86B Sabre 6 19454/AO-454 Royal Canadian Air Force | picture Rob Vogelaar</p>

Canadair CF-86B Sabre 6 19454/AO-454 Royal Canadian Air Force, Musée de la Défence Aérrienne de Bagotville
