{"id":19833,"date":"2020-02-05T20:13:32","date_gmt":"2020-02-05T18:13:32","guid":{"rendered":"http:\/\/www.aviationmuseum.eu\/Blogvorm\/?page_id=19833"},"modified":"2025-02-25T20:55:13","modified_gmt":"2025-02-25T18:55:13","slug":"muzeum-ceskoslovenske-armady","status":"publish","type":"page","link":"https:\/\/aviationmuseum.eu\/Blogvorm\/muzeum-ceskoslovenske-armady\/","title":{"rendered":"Muzeum \u010ceskoslovensk\u00e9 arm\u00e1dy"},"content":{"rendered":"\n<p><strong>Muzeum \u010ceskoslovensk\u00e9 arm\u00e1dy<\/strong><\/p>\n\n\n\n<p><span class=\"style17\">ulice Hlavn\u00ed 24<\/span><\/p>\n\n\n\n<p><span class=\"style17\">280 02 Kol\u00edn Sendra\u017eice<\/span><\/p>\n\n\n\n<p><a href=\"http:\/\/www.aviationmuseum.eu\/Blogvorm\/2015\/05\/25\/czech-republic\/\">Czechia<\/a><\/p>\n\n\n\n<p><a href=\"http:\/\/muzeum.csla.cz\/\" target=\"_blank\" rel=\"noopener\">http:\/\/muzeum.csla.cz\/<\/a><\/p>\n\n\n\n<p><a href=\"mailto:muzeum@csla.cz\" target=\"_blank\" rel=\"noopener\">muzeum@csla.cz<\/a><\/p>\n\n\n\n<p>+420 607 170 914<\/p>\n\n\n\n<p>14:00 &#8211; 17:00<\/p>\n\n\n\n<p><iframe loading=\"lazy\" style=\"border: 0;\" src=\"https:\/\/www.google.com\/maps\/embed?pb=!1m18!1m12!1m3!1d163939.9885197869!2d15.0773062065827!3d50.05702981673995!2m3!1f0!2f0!3f0!3m2!1i1024!2i768!4f13.1!3m3!1m2!1s0x470c15d78b41e2bb%3A0x200bf9bf45ec5cd0!2zTVVaRVVNIMSMRVNLT1NMT1ZFTlNLw4kgQVJNw4FEWQ!5e0!3m2!1snl!2snl!4v1580925269047!5m2!1snl!2snl\" width=\"600\" height=\"450\" frameborder=\"0\" allowfullscreen=\"allowfullscreen\"><\/iframe><\/p>\n\n\n\n<h3 class=\"wp-block-heading\">Aircraft collection<\/h3>\n\n\n\n<figure class=\"wp-block-image size-full\"><a href=\"http:\/\/www.aviationmuseum.eu\/Blogvorm\/muzeum-ceskoslovenske-armady\/aero-l-29-delphin\/\" rel=\"attachment wp-att-19835\"><img loading=\"lazy\" decoding=\"async\" width=\"533\" height=\"360\" src=\"https:\/\/www.aviationmuseum.eu\/Blogvorm\/wp-content\/uploads\/2020\/02\/Aero-L-29-Delphin-.jpg\" alt=\"Aero L-29 Delphin\" class=\"wp-image-19835\" srcset=\"https:\/\/aviationmuseum.eu\/Blogvorm\/wp-content\/uploads\/2020\/02\/Aero-L-29-Delphin-.jpg 533w, https:\/\/aviationmuseum.eu\/Blogvorm\/wp-content\/uploads\/2020\/02\/Aero-L-29-Delphin--240x162.jpg 240w, https:\/\/aviationmuseum.eu\/Blogvorm\/wp-content\/uploads\/2020\/02\/Aero-L-29-Delphin--420x284.jpg 420w\" sizes=\"auto, (max-width: 533px) 100vw, 533px\" \/><\/a><\/figure>\n\n\n\n<figure class=\"wp-block-table\"><table class=\"has-fixed-layout\"><tbody><tr><td>0204<\/td><td>Aero L-29 Delphin (cockpit)<\/td><\/tr><\/tbody><\/table><\/figure>\n\n\n\n<p>Photo Muzeum \u010ceskoslovensk\u00e9 arm\u00e1dy<\/p>\n","protected":false},"excerpt":{"rendered":"<p>Muzeum \u010ceskoslovensk\u00e9 arm\u00e1dy ulice Hlavn\u00ed 24 280 02 Kol\u00edn Sendra\u017eice Czechia http:\/\/muzeum.csla.cz\/ muzeum@csla.cz +420 607 170 914 14:00 &#8211; 17:00 Aircraft collection 0204Aero L-29 Delphin&#8230;<\/p>\n","protected":false},"author":2,"featured_media":0,"parent":0,"menu_order":0,"comment_status":"closed","ping_status":"closed","template":"","meta":{"footnotes":""},"class_list":["post-19833","page","type-page","status-publish","hentry"],"_links":{"self":[{"href":"https:\/\/aviationmuseum.eu\/Blogvorm\/wp-json\/wp\/v2\/pages\/19833","targetHints":{"allow":["GET"]}}],"collection":[{"href":"https:\/\/aviationmuseum.eu\/Blogvorm\/wp-json\/wp\/v2\/pages"}],"about":[{"href":"https:\/\/aviationmuseum.eu\/Blogvorm\/wp-json\/wp\/v2\/types\/page"}],"author":[{"embeddable":true,"href":"https:\/\/aviationmuseum.eu\/Blogvorm\/wp-json\/wp\/v2\/users\/2"}],"replies":[{"embeddable":true,"href":"https:\/\/aviationmuseum.eu\/Blogvorm\/wp-json\/wp\/v2\/comments?post=19833"}],"version-history":[{"count":4,"href":"https:\/\/aviationmuseum.eu\/Blogvorm\/wp-json\/wp\/v2\/pages\/19833\/revisions"}],"predecessor-version":[{"id":34212,"href":"https:\/\/aviationmuseum.eu\/Blogvorm\/wp-json\/wp\/v2\/pages\/19833\/revisions\/34212"}],"wp:attachment":[{"href":"https:\/\/aviationmuseum.eu\/Blogvorm\/wp-json\/wp\/v2\/media?parent=19833"}],"curies":[{"name":"wp","href":"https:\/\/api.w.org\/{rel}","templated":true}]}}

Muzeum Československé armády

<p><strong>Muzeum Československé armády</strong></p>



<p><span class="style17">ulice Hlavní 24</span></p>



<p><span class="style17">280 02 Kolín Sendražice</span></p>



<p><a href="http://www.aviationmuseum.eu/Blogvorm/2015/05/25/czech-republic/">Czechia</a></p>



<p><a href="http://muzeum.csla.cz/" target="_blank" rel="noopener">http://muzeum.csla.cz/</a></p>



<p><a href="mailto:muzeum@csla.cz" target="_blank" rel="noopener">muzeum@csla.cz</a></p>



<p>+420 607 170 914</p>



<p>14:00 &#8211; 17:00</p>



<p><iframe loading="lazy" style="border: 0;" src="https://www.google.com/maps/embed?pb=!1m18!1m12!1m3!1d163939.9885197869!2d15.0773062065827!3d50.05702981673995!2m3!1f0!2f0!3f0!3m2!1i1024!2i768!4f13.1!3m3!1m2!1s0x470c15d78b41e2bb%3A0x200bf9bf45ec5cd0!2zTVVaRVVNIMSMRVNLT1NMT1ZFTlNLw4kgQVJNw4FEWQ!5e0!3m2!1snl!2snl!4v1580925269047!5m2!1snl!2snl" width="600" height="450" frameborder="0" allowfullscreen="allowfullscreen"></iframe></p>



<h3 class="wp-block-heading">Aircraft collection</h3>



<figure class="wp-block-image size-full"><a href="http://www.aviationmuseum.eu/Blogvorm/muzeum-ceskoslovenske-armady/aero-l-29-delphin/" rel="attachment wp-att-19835"><img loading="lazy" decoding="async" width="533" height="360" src="https://www.aviationmuseum.eu/Blogvorm/wp-content/uploads/2020/02/Aero-L-29-Delphin-.jpg" alt="Aero L-29 Delphin" class="wp-image-19835" srcset="https://aviationmuseum.eu/Blogvorm/wp-content/uploads/2020/02/Aero-L-29-Delphin-.jpg 533w, https://aviationmuseum.eu/Blogvorm/wp-content/uploads/2020/02/Aero-L-29-Delphin--240x162.jpg 240w, https://aviationmuseum.eu/Blogvorm/wp-content/uploads/2020/02/Aero-L-29-Delphin--420x284.jpg 420w" sizes="auto, (max-width: 533px) 100vw, 533px" /></a></figure>



<figure class="wp-block-table"><table class="has-fixed-layout"><tbody><tr><td>0204</td><td>Aero L-29 Delphin (cockpit)</td></tr></tbody></table></figure>



<p>Photo Muzeum Československé armády</p>

<p>Muzeum Československé armády ulice Hlavní 24 280 02 Kolín Sendražice Czechia http://muzeum.csla.cz/ muzeum@csla.cz +420 607 170 914 14:00 &#8211; 17:00 Aircraft collection 0204Aero L-29 Delphin&#8230;</p>
