{"id":27688,"date":"2023-10-29T17:46:51","date_gmt":"2023-10-29T15:46:51","guid":{"rendered":"https:\/\/www.aviationmuseum.eu\/Blogvorm\/?page_id=27688"},"modified":"2025-03-22T16:28:08","modified_gmt":"2025-03-22T14:28:08","slug":"varngardens-flygsamling","status":"publish","type":"page","link":"https:\/\/aviationmuseum.eu\/Blogvorm\/varngardens-flygsamling\/","title":{"rendered":"V\u00e4rng\u00e5rdens flygsamling"},"content":{"rendered":"\n<p><strong>V\u00e4rng\u00e5rdens Flygsamling<\/strong>, located in <strong>Vollsj\u00f6<\/strong>, Sweden, is a museum dedicated to the preservation of <strong>aviation history<\/strong>, with a particular focus on <strong>military aircraft<\/strong> and <strong>Swedish aviation<\/strong>.<\/p>\n\n\n\n<p><strong>V\u00e4rng\u00e5rdens flygsamling<\/strong><\/p>\n\n\n\n<p>Vallarumsv\u00e4gen 474-28<\/p>\n\n\n\n<p>275 68 Vollsj\u00f6<\/p>\n\n\n\n<p><a href=\"https:\/\/www.aviationmuseum.eu\/Blogvorm\/2015\/05\/30\/sweden\/\" data-type=\"post\" data-id=\"568\">Sweden<\/a><\/p>\n\n\n\n<p><a href=\"http:\/\/varngardensflygsamling.se\/\" target=\"_blank\" rel=\"noreferrer noopener\">http:\/\/varngardensflygsamling.se\/<\/a><\/p>\n\n\n\n<p><a href=\"mailto:varngardensflygsamling@gmail.com\">varngardensflygsamling@gmail.com<\/a><\/p>\n\n\n\n<p>+46 76 310 03 67<\/p>\n\n\n\n<p><a href=\"http:\/\/varngardensflygsamling.se\/%C3%B6ppettider-intr%C3%A4de\">http:\/\/varngardensflygsamling.se\/%C3%B6ppettider-intr%C3%A4de<\/a><\/p>\n\n\n\n<p>Extended opening hours may occur &#8211; keep an eye on the on their Facebook page!<\/p>\n\n\n\n<p>Admission fee<\/p>\n\n\n\n<figure class=\"wp-block-image size-full\"><a href=\"https:\/\/www.facebook.com\/profile.php?id=100083348230698\" target=\"_blank\" rel=\" noreferrer noopener\"><img loading=\"lazy\" decoding=\"async\" width=\"25\" height=\"25\" src=\"https:\/\/www.aviationmuseum.eu\/Blogvorm\/wp-content\/uploads\/2015\/12\/facebook.jpg\" alt=\"facebook\" class=\"wp-image-922\"\/><\/a><\/figure>\n\n\n\n<iframe src=\"https:\/\/www.google.com\/maps\/embed?pb=!1m18!1m12!1m3!1d287557.8269414549!2d13.534140143828953!3d55.73164997307632!2m3!1f0!2f0!3f0!3m2!1i1024!2i768!4f13.1!3m3!1m2!1s0x4654755d1aa79a2b%3A0xa4a86fc0a028949!2sV%C3%A4rng%C3%A5rdens%20flygsamling!5e0!3m2!1snl!2snl!4v1698594023630!5m2!1snl!2snl\" width=\"600\" height=\"450\" style=\"border:0;\" allowfullscreen=\"\" loading=\"lazy\" referrerpolicy=\"no-referrer-when-downgrade\"><\/iframe>\n\n\n\n<p class=\"has-medium-font-size\">Aircraft collection<\/p>\n\n\n\n<figure class=\"wp-block-table\"><table><tbody><tr><td>32502\/U<br><br>35592\/28<br><br>SE-SNB (3180)<\/td><td>Saab J32B Lansen<br><br>Saab J35F Draken<br><br>Se102 Grunau Baby IIb<\/td><\/tr><\/tbody><\/table><\/figure>\n","protected":false},"excerpt":{"rendered":"<p>V\u00e4rng\u00e5rdens Flygsamling, located in Vollsj\u00f6, Sweden, is a museum dedicated to the preservation of aviation history, with a particular focus on military aircraft and Swedish&#8230;<\/p>\n","protected":false},"author":2,"featured_media":0,"parent":0,"menu_order":0,"comment_status":"closed","ping_status":"closed","template":"","meta":{"footnotes":""},"class_list":["post-27688","page","type-page","status-publish","hentry"],"_links":{"self":[{"href":"https:\/\/aviationmuseum.eu\/Blogvorm\/wp-json\/wp\/v2\/pages\/27688","targetHints":{"allow":["GET"]}}],"collection":[{"href":"https:\/\/aviationmuseum.eu\/Blogvorm\/wp-json\/wp\/v2\/pages"}],"about":[{"href":"https:\/\/aviationmuseum.eu\/Blogvorm\/wp-json\/wp\/v2\/types\/page"}],"author":[{"embeddable":true,"href":"https:\/\/aviationmuseum.eu\/Blogvorm\/wp-json\/wp\/v2\/users\/2"}],"replies":[{"embeddable":true,"href":"https:\/\/aviationmuseum.eu\/Blogvorm\/wp-json\/wp\/v2\/comments?post=27688"}],"version-history":[{"count":5,"href":"https:\/\/aviationmuseum.eu\/Blogvorm\/wp-json\/wp\/v2\/pages\/27688\/revisions"}],"predecessor-version":[{"id":35012,"href":"https:\/\/aviationmuseum.eu\/Blogvorm\/wp-json\/wp\/v2\/pages\/27688\/revisions\/35012"}],"wp:attachment":[{"href":"https:\/\/aviationmuseum.eu\/Blogvorm\/wp-json\/wp\/v2\/media?parent=27688"}],"curies":[{"name":"wp","href":"https:\/\/api.w.org\/{rel}","templated":true}]}}