{"id":3389,"date":"2016-02-27T16:54:36","date_gmt":"2016-02-27T14:54:36","guid":{"rendered":"http:\/\/www.aviationmuseum.eu\/Blogvorm\/?page_id=3389"},"modified":"2025-03-20T20:43:50","modified_gmt":"2025-03-20T18:43:50","slug":"fundacio-parc-aeronautic-de-catalunya-vilanova","status":"publish","type":"page","link":"https:\/\/aviationmuseum.eu\/Blogvorm\/fundacio-parc-aeronautic-de-catalunya-vilanova\/","title":{"rendered":"Fundaci\u00f3 Parc Aeron\u00e0utic de Catalunya-Vilanova"},"content":{"rendered":"\n<p>The <strong>Fundaci\u00f3 Parc Aeron\u00e0utic de Catalunya (PAC)<\/strong> has a presence in <strong>Vilanova i la Geltr\u00fa<\/strong>, Catalonia. This site houses several <strong>restored aircraft<\/strong> that illustrate the evolution of <strong>aviation technology<\/strong>. While smaller in scale than Sabadell, the Vilanova site highlights select planes, often with ties to Catalonia&#8217;s aviation history.<\/p>\n\n\n\n<p><strong>Fundaci\u00f3 Parc Aeron\u00e0utic de Catalunya &#8211; Delegaci\u00f3n de Vilanova<\/strong><\/p>\n\n\n\n<p>Avinguda de l&#8217;Aragai 20<\/p>\n\n\n\n<p>08800 Vilanova i la Geltr\u00fa<\/p>\n\n\n\n<p>Catalunya<\/p>\n\n\n\n<p><a href=\"http:\/\/www.aviationmuseum.eu\/Blogvorm\/2015\/05\/30\/spain\/\">Spain <\/a><\/p>\n\n\n\n<p><a href=\"http:\/\/www.fpac.org\" target=\"_blank\" rel=\"noopener noreferrer\">www.fpac.org<\/a><\/p>\n\n\n\n<p><a href=\"mailto:fpac@fpac.org\">fpac@fpac.org<\/a><\/p>\n\n\n\n<p>+34 93 815 44 81<\/p>\n\n\n\n<p>Visits by appointment <a href=\"mailto:fpac@fpac.org\">fpac@fpac.org<\/a><\/p>\n\n\n\n<p>At the central office at Sabadell Airport there is based our fleet of vintage airplanes and the workshop where aircrafts, engines, etc undergo restoration.<\/p>\n\n\n\n<figure class=\"wp-block-image\"><a href=\"https:\/\/ca-es.facebook.com\/fundaciopac\" target=\"_blank\" rel=\"attachment wp-att-922 noopener noreferrer\"><img loading=\"lazy\" decoding=\"async\" width=\"25\" height=\"25\" src=\"http:\/\/www.aviationmuseum.eu\/Blogvorm\/wp-content\/uploads\/2015\/12\/facebook.jpg\" alt=\"facebook\" class=\"wp-image-922\"\/><\/a><\/figure>\n\n\n\n<iframe src=\"https:\/\/www.google.com\/maps\/embed?pb=!1m18!1m12!1m3!1d279602.22297695006!2d1.4672227303256482!3d41.21624025968539!2m3!1f0!2f0!3f0!3m2!1i1024!2i768!4f13.1!3m3!1m2!1s0x12a3865ac4cde8e7%3A0xa9fe23bdbd12322a!2sAvionetas%20Vilanova!5e0!3m2!1snl!2sus!4v1742496202334!5m2!1snl!2sus\" width=\"600\" height=\"450\" style=\"border:0;\" allowfullscreen=\"\" loading=\"lazy\" referrerpolicy=\"no-referrer-when-downgrade\"><\/iframe>\n\n\n\n<h3 class=\"wp-block-heading\">Aircraft collection<\/h3>\n\n\n\n<figure class=\"wp-block-image\"><a href=\"http:\/\/www.aviationmuseum.eu\/Blogvorm\/fundacio-parc-aeronautic-de-catalunya-vilanova\/digital-stillcamera\/\" rel=\"attachment wp-att-3390\"><img loading=\"lazy\" decoding=\"async\" width=\"240\" height=\"127\" src=\"http:\/\/www.aviationmuseum.eu\/Blogvorm\/wp-content\/uploads\/2016\/02\/North-American-F-86F-Sabre-C.5-71-102-8.jpg\" alt=\"North American F-86F Sabre C.5-71\/102-8\" class=\"wp-image-3390\"\/><\/a><\/figure>\n\n\n\n<figure class=\"wp-block-table\"><table class=\"has-fixed-layout\"><tbody><tr><td>N989KA<p><\/p>\n<p>EC-BJG<\/p>\n<p>XS729\/G<\/p>\n<p>A.10B-45<\/p><\/td><td>Anthony Keith I Anthony BD-4<p><\/p>\n<p>Beech A23-24 Musketeer<\/p>\n<p>Hawker-Siddeley HS-125-2 Dominie (cockpit)<\/p>\n<p>Hispano HA-200D Saeta<\/p><\/td><\/tr><\/tbody><\/table><\/figure>\n\n\n\n<p>In this delegation, known as Centre Aeri, you can see a display of aircraft, engines, models, photographs and various aeronautical equipment. It is necessary to arrange the date and time of visit in advance. Are especially welcome school groups, having prepared for them a specific program of aviation in the classroom.<\/p>\n\n\n\n<p>FPAC has an ambitious goal for the next few years. It is the establishment of the \u2018MUSEU AERON\u00c0TIC DE CATALUNYA\u2019. It is amazing that Catalonia has not such public equipment yet, considering the breakthrough that aviation has meant in the fields of technology, communications, culture, etc. Our trust keeps trying to raise the necessary funds from the government and private corporations alike. It encourages us to see that some of them have already shown interest in our project.<\/p>\n\n\n\n<p>We would like to thank AENA (The government\u2019s organization that manages all Spanish airports) for helping us to obtain the necessary land. In their project of the renovated Sabadell Airport, an area of 10000m2 has been reserved for the Museum. This area is located in the northern edge of the airfield, very close to the future entrance by the railway station. If anyone wishes to see a model of it, there is a scale model at the ground floor of the AENA\u2019s building at the airport. Moreover AENA has initiated a process to transfer the land to FPAC.<\/p>\n\n\n\n<p>The collaboration of the \u2018Departament de Politica Territorial\u2019 of the \u2018Generalitat de Catalunya\u2019 (the Government of Catalonia) and the \u2018Museu de Ci\u00e8ncia i de la T\u00e8cnica de Terrassa\u2019 (Technology and Science Museum) has made possible the design of an initial project of our Museum which defines the essentials of the building and the economic feasibility of the project.<\/p>\n\n\n\n<p>The project and scale model were displayed in Barcelona in July 2003 during the \u2018Jornades d\u2019Aviaci\u00f3 General\u2019.<\/p>\n\n\n\n<p>According to this project, the museum will initially occupy 5000m2, an area that will be tripled in later stages. It will enclose workshops, didactic rooms, registry room, cafeteria, shop, etc.<\/p>\n\n\n\n<p>It is worth saying that the Museum is located by the runway of Sabadell Airport, so that visitors will have the chance to see some of the exhibited airplanes actually fly. The Museum should be an active place by hosting cultural and formative activities, delivering multimedia explanations, etc. It shouldn\u2019t be understood in any case as a rest place for vintage aircrafts.<\/p>\n\n\n\n<p><span style=\"font-size: large;\">see<\/span><\/p>\n\n\n\n<h3 class=\"wp-block-heading\"><a href=\"http:\/\/www.aviationmuseum.eu\/Blogvorm\/fundacio-parc-aeronautic-de-catalunya-sabadell\/\">Sabadell branch <\/a>&amp; Barcelona-El Prat Airport <a href=\"http:\/\/www.aviationmuseum.eu\/Blogvorm\/centro-cultural-aeronautico\/\">Centre Cultural Aeron\u00e1utic<\/a><\/h3>\n","protected":false},"excerpt":{"rendered":"<p>The Fundaci\u00f3 Parc Aeron\u00e0utic de Catalunya (PAC) has a presence in Vilanova i la Geltr\u00fa, Catalonia. This site houses several restored aircraft that illustrate the&#8230;<\/p>\n","protected":false},"author":2,"featured_media":0,"parent":0,"menu_order":0,"comment_status":"closed","ping_status":"closed","template":"","meta":{"footnotes":""},"class_list":["post-3389","page","type-page","status-publish","hentry"],"_links":{"self":[{"href":"https:\/\/aviationmuseum.eu\/Blogvorm\/wp-json\/wp\/v2\/pages\/3389","targetHints":{"allow":["GET"]}}],"collection":[{"href":"https:\/\/aviationmuseum.eu\/Blogvorm\/wp-json\/wp\/v2\/pages"}],"about":[{"href":"https:\/\/aviationmuseum.eu\/Blogvorm\/wp-json\/wp\/v2\/types\/page"}],"author":[{"embeddable":true,"href":"https:\/\/aviationmuseum.eu\/Blogvorm\/wp-json\/wp\/v2\/users\/2"}],"replies":[{"embeddable":true,"href":"https:\/\/aviationmuseum.eu\/Blogvorm\/wp-json\/wp\/v2\/comments?post=3389"}],"version-history":[{"count":6,"href":"https:\/\/aviationmuseum.eu\/Blogvorm\/wp-json\/wp\/v2\/pages\/3389\/revisions"}],"predecessor-version":[{"id":34957,"href":"https:\/\/aviationmuseum.eu\/Blogvorm\/wp-json\/wp\/v2\/pages\/3389\/revisions\/34957"}],"wp:attachment":[{"href":"https:\/\/aviationmuseum.eu\/Blogvorm\/wp-json\/wp\/v2\/media?parent=3389"}],"curies":[{"name":"wp","href":"https:\/\/api.w.org\/{rel}","templated":true}]}}